8
Let o(y) = -2*y**3 - 3*y**2 + 4*y + 1. Let v(m) = -m**2 + 4*m + 3. Let g be v(5). Let t(k) = -2*k - 7. Let r be t(g). Determine o(r).
16
Suppose 2*u - 6 = -3*i - i, 4*i = 0. Let w(h) be the first derivative of 19*h**2/2 + h - 655. Give w(u).
58
Let u = 50 + -49. Let c be (28/(-21))/(u/(-3)). Let v(z) = -141*z - c + 73*z - z**2 + 74*z. Calculate v(5).
1
Let y be (17/119 + 2/(-63))*9. Let w be (-10 - -16)*(1/2 - y). Let c(m) = -2*m**2 - 2*m + 4. Give c(w).
-8
Let a be -2 - -11 - (-53)/((-1908)/360). Let d(y) = -8*y**2 + 13*y + 12. Give d(a).
-9
Let r(c) = -c + 1. Let y(b) = -b + 7. Let i(m) = -2*r(m) + y(m). Let n be 150/(-9) - 2/6. Let k(v) = v + 13. Let z be k(n). What is i(z)?
1
Let m(h) = -h**2 - 8*h - 5. Let g be 8/(-1 + -1)*201/4. Let v = g - -193. Determine m(v).
-5
Let i(v) = -3 + 4 - 2*v**2 + 10*v**3 + 0. Suppose 0 = -4*s + 4, 4*h - 2*s + 171 = -51. Let b be h/(-66) + 2/12. Calculate i(b).
9
Suppose -5*u + 22 = 3*q, -3*q - 10 = 3*u - 28. Let z(g) = -4*g**3 + 3*g**3 + q + 4 + 5*g**2 - 3*g - 3. What is z(5)?
-10
Let i(s) = 2*s + 42*s - 259 - 111*s + 24*s. What is i(-6)?
-1
Let z(x) be the third derivative of -x**6/360 + x**5/24 - x**4/8 + 4*x**3 - 7*x**2. Let f(y) be the first derivative of z(y). Determine f(5).
-3
Let z(r) = 74*r**3 + 1 + 2*r - 22206*r**2 + 22206*r**2. Calculate z(-1).
-75
Let z = 97 + -119. Let g = -24 - z. Let j(s) = 2 + s**2 + s - 3*s + s. Determine j(g).
8
Let o(p) = -15 + 0*p**2 + p**2 - 7*p + 0*p**2. Suppose -802*s - 295*s + 20112 = 1417*s. What is o(s)?
-7
Let i(d) = -106*d + 2 + 297*d - 95*d - 101*d - 1. Let w(u) = u**2 - 2*u - 13. Let z be w(-3). Calculate i(z).
-9
Suppose -12*b + 30*b = -8*b - 4*b. Let a(r) be the first derivative of -r**2 - 3/4*r**4 - r**3 + b*r - 8. What is a(-2)?
16
Let b(q) be the second derivative of 3*q**5/20 - q**4/3 + q**3/3 + 686*q. Suppose -4*w + 8 = -0*w. Determine b(w).
12
Let f = -19218 + 19221. Let s(l) = -2*l**2 - l + 28. What is s(f)?
7
Let g(l) = -l**3 - 4*l**2 - 5*l + 3. Let y be 49/14 - (-6)/4. Suppose -3*n = 4*j - 1, -9*n + 6*n = -4*j - 17. Suppose -1 - 9 = y*i, -n*x - 16 = 2*i. Give g(x).
23
Let k(j) = 8*j**2 - 17*j - 10. Let c(b) = -9*b**2 + 20*b + 12. Let d(t) = -5*c(t) - 6*k(t). Give d(5).
-65
Let i(k) = 18690078 - 18690078 - 11*k. Determine i(2).
-22
Let m = 13977 + -41930/3. Let g(c) be the first derivative of -m*c**3 - 5/2*c**2 + c - 39. Determine g(-4).
5
Let u(i) = -i**3 - 11*i**2 - 19*i + 4. Let k be u(-9). Let v(o) be the first derivative of 10*o + k*o + 13*o + o**2 - 34*o - 18. Give v(2).
6
Suppose -119*w = 6*w + 500. Let g(q) = 3*q**2 + 9*q + 26. Determine g(w).
38
Let b(a) = -a**3 + 10*a**2 - 11*a - 10. Let v(n) = -121*n - n**2 + 0*n**2 + 0*n**2 - 23 + 139*n. Let s be v(16). What is b(s)?
-28
Let a be (-268)/402 + (-1)/3. Let q(l) = -2*l**3 + 5*l + 4. What is q(a)?
1
Let t(y) = -y + 1. Suppose 2*o = -1 - 1, -4*o - 4 = -u. Suppose u*i + 32 = 8*i. Let h(k) = -k**3 + 5*k**2 - 4*k. Let b be h(i). Determine t(b).
1
Let b be 77/(-3) + 21 - -5. Let s(w) be the first derivative of 2*w + 2*w**2 - 4 - b*w**3. Determine s(5).
-3
Let f be (-3)/(-12)*-2 - (-177)/2. Let v be (-16)/f + 194/(-22) + 0. Let y be v/(126/(-10)) - 2/(-7). Let q(t) = 13*t**2. Determine q(y).
13
Let v = -10814 + 10816. Let i(f) = 4*f + 0*f**2 + 4*f**2 - 5*f - 5*f**2 + 3*f**3. Calculate i(v).
18
Let p(m) = -11*m**3 - 85*m**2 - 24*m + 84. Let c(r) = -8*r**3 - 59*r**2 - 16*r + 56. Let g(x) = -7*c(x) + 5*p(x). Determine g(12).
-68
Let z(n) = 2*n**3 - 9. Let s(t) = 5*t**3 - 20*t**2 - 24*t - 5. Let j(c) = s(c) - 2*z(c). What is j(21)?
-50
Let k(z) = -2*z**3 - 2*z**2 - z + 2. Let c(y) = -y**3 + 7*y**2 + 2*y - 16. Let q be 117/(-6) - ((-5)/2 + 2). Let b = q + 26. Let o be c(b). Give k(o).
12
Suppose -5 = -4*x + 3. Suppose x*i - 12 + 8 = 0. Let s(r) = r**3 + r**2 - 3*r - 4. Let d be s(i). Let b(z) = 4*z - 1. Calculate b(d).
7
Let o(i) = -20*i + 7. Let u be o(-1). Suppose 36*s - u*s - 90 = 0. Let m(a) = a**2 - 10*a + 6. What is m(s)?
6
Let t(m) = 5*m + 2. Let j(d) = 19*d - 54*d + 17*d + 4*d - 6. Let x(f) = 4*j(f) + 11*t(f). Give x(-8).
6
Let w(m) = -18*m - 834. Let t(a) = -a**2 - 62*a - 683. Let y be t(-13). Calculate w(y).
-6
Suppose 16 = -2*x + 2*w, 2*x + w + 16 = -x. Let b(t) be the first derivative of -t**3/3 - 5*t**2/2 + 11*t - 6029. Give b(x).
5
Let k be (-52)/26 - (0 - -2). Let v(i) = 3*i**2 + 2*i - 11. Give v(k).
29
Suppose 204*c - 33*c = -49*c - 660. Let x(u) = -u**3 - 9*u**2 + 9*u - 3. Let d(j) = -j**3 - 8*j**2 + 8*j - 2. Let f(s) = 6*d(s) - 5*x(s). Determine f(c).
-6
Let a(o) = 1 - 2*o + 2*o - 4*o - 7*o. Let f be (15 - 1 - (-18 + 29))*(-3)/(-9). Calculate a(f).
-10
Let v(u) = 102*u - 1326. Let p be v(13). Let i(o) = 3*o + 56. What is i(p)?
56
Let g = 12473 + -12469. Let j(n) = -20*n + 64. What is j(g)?
-16
Suppose 122*q + 826 - 216 = 0. Let o(r) be the second derivative of r**5/20 + r**4/3 - r**3 - r**2/2 + 2*r. Determine o(q).
4
Let l(x) = x**2 - 6*x - 8. Let h(u) = 2*u**2 - 13*u - 24. Let g(j) = 3*h(j) - 5*l(j). Determine g(12).
4
Let t = 45 - 21. Let k be (-35)/70*(-216)/4. Let z = t - k. Let r(m) = -4*m + 2. What is r(z)?
14
Let x(h) be the third derivative of 8/3*h**3 + 0*h - 16*h**2 + 0 - 1/24*h**4. Give x(8).
8
Let i(z) = -1026*z**2 + 3*z + 511*z**2 - 2 + 4 + 516*z**2 + 3*z. Give i(-7).
9
Let p(d) = d**2 - 4*d - 44. Let r be p(-5). Let i(j) = 31*j**2 - 3*j + 1. Give i(r).
29
Let h(y) = -y**3 - 3*y**2 + 8*y**2 - y + 6 - 1 - 1. Let q(n) = n - 47. Let p be q(16). Let d = -26 - p. Determine h(d).
-1
Let u = -2943 + 2947. Let l(z) = z**3 - 2*z**2 - 10*z + 9. Determine l(u).
1
Let n(w) be the second derivative of -w**4/6 + 2*w**3/3 + 3*w**2 - w - 478. Give n(4).
-10
Let j(s) = -7*s**3 - 2*s**2 - 9*s + 1. Let z(w) = 28*w**3 + 9*w**2 + 40*w - 4. Let o(c) = 9*j(c) + 2*z(c). Let y = -51 + 52. Determine o(y).
-7
Let l(c) = 300*c - 756*c + 227*c - 50 + 224*c. What is l(-17)?
35
Let b(q) = q + 3. Let h(r) = 6*r**2 + 31*r + 3. Let m be h(-5). Let z(u) = -2*u - 5. Let i(l) = m*z(l) - 5*b(l). Calculate i(5).
-10
Let y(x) = 9*x - 10. Let a(k) = -25*k + 28. Suppose 2 = -8*q - 30. Let m(c) = q*a(c) - 11*y(c). What is m(0)?
-2
Let j(p) = 10*p - 124. Suppose -37 - 22 = -14*y + 137. What is j(y)?
16
Let q(s) = 3*s**2 + 19*s + 12. Let i = -3594 + 3589. What is q(i)?
-8
Let b be (-39)/(-3 + 0) - 7. Let m(o) = 17*o + 8. Let i(q) = 37*q + 17. Let h(l) = b*i(l) - 13*m(l). What is h(1)?
-1
Let w(s) = -1 + 4 + 168380*s**2 - s**3 - 168379*s**2 + 4*s. Calculate w(-2).
7
Let s(v) = 2*v - 125 + 3*v**2 + 113 - v**2. What is s(6)?
72
Let x(q) = -q**2 + 2*q + 3. Let a be x(0). Let l(s) = 10*s + 1 + 7 - a - 15*s. Let h(r) = -5*r + 4. Let f(u) = -4*h(u) + 3*l(u). Calculate f(-1).
-6
Let u(p) = p**2 - 2*p. Let a = -416 - -419. Suppose 2*i + 4 = a*x, 4*x - x + 4*i + 26 = 0. Calculate u(x).
8
Let h be -4 + 12/2 + 1. Suppose h*y - 12 = -p, -p + 2 = 5. Let n(x) = x**3 - 5*x**2 - 3*x + 9. Determine n(y).
-6
Let x(v) = v**3 - 11*v**2 + 11*v - 12. Let r(h) = -2*h - 28. Suppose -8 + 98 = -6*b. Let i be r(b). Let t(s) = 10*s - 10. Let l be t(i). What is x(l)?
-2
Let r = 220 - 101. Let d = 126 - r. Suppose -21 + 7 = d*g. Let w(j) = -j. Calculate w(g).
2
Let i(n) = n**3 + 2*n**2 - 6*n + 10. Let f be i(-4). Let w(d) = 7*d - 8*d + 0*d + f. Determine w(4).
-2
Let q(h) = -h**2 + h - 5. Let j be q(0). Let r(v) = -v**2 - 7*v. Let g be r(-5). Let a(o) = -4*o + 22 + g - 36. What is a(j)?
16
Let z = -401 - -403. Let v(d) = 60*d**3 + 1 - 189*d**3 + 68*d**3 + 64*d**3 - 3*d**z. What is v(2)?
13
Let z(w) = w**3 + 2*w**2 + w. Let a = -198 + 197. Let b(r) = -2*r**3 + 4*r**2 + 10*r + 11. Let i(t) = a*b(t) - 3*z(t). Calculate i(-8).
-35
Let q(a) = -3*a + 1. Let y(h) = 7*h**2 + h**2 - 11*h**2 + 40*h + 1 - 13. Let v be y(13). What is q(v)?
-2
Suppose -4*l + 6 = 14. Let a be 4 + l + 2 + -2. Let b(y) = -3 + 5*y + 2 - y + a. Give b(3).
13
Let a(g) be the first derivative of 2*g**2 + 2*g - 66. Let p = 66 - 72. Give a(p).
-22
Suppose -48*s + 42*s = -1098. Let w = s + -179. Let o(u) = u**3 - 6*u**2 + 3*u + 5. What is o(w)?
-15
Suppose 2*a = 5*m - 8, 2*a = 3*m + 5*a + 12. Let v(c) = m*c - 4*c + 2*c. Suppose 68 = -186*l + 812. Determine v(l).
-8
Let z = -628 - -631. Let o(c) = 24*c**z + 7 + 17*c + 27*c**3 - 50*c**3 - 11*c**2. Determine o(9).
-2
Let h(s) = -2*s 